 by 23?
14
Calculate the remainder when 122 is divided by 7.
3
What is the remainder when 424 is divided by 53?
0
Calculate the remainder when 1038 is divided by 342.
12
What is the remainder when 197 is divided by 40?
37
Calculate the remainder when 1468 is divided by 183.
4
Calculate the remainder when 3566 is divided by 48.
14
Calculate the remainder when 2037 is divided by 34.
31
Calculate the remainder when 3455 is divided by 856.
31
Calculate the remainder when 57364 is divided by 55.
54
What is the remainder when 370 is divided by 18?
10
Calculate the remainder when 367 is divided by 83.
35
What is the remainder when 311 is divided by 117?
77
What is the remainder when 12 is divided by 11?
1
What is the remainder when 1146 is divided by 320?
186
What is the remainder when 1096 is divided by 98?
18
Calculate the remainder when 190 is divided by 39.
34
Calculate the remainder when 1863 is divided by 21.
15
Calculate the remainder when 458 is divided by 147.
17
Calculate the remainder when 485 is divided by 27.
26
What is the remainder when 2086 is divided by 116?
114
Calculate the remainder when 6713 is divided by 16.
9
What is the remainder when 102 is divided by 46?
10
What is the remainder when 160 is divided by 82?
78
Calculate the remainder when 194 is divided by 28.
26
What is the remainder when 375 is divided by 362?
13
What is the remainder when 153 is divided by 36?
9
Calculate the remainder when 152 is divided by 3.
2
What is the remainder when 101 is divided by 22?
13
What is the remainder when 781 is divided by 157?
153
What is the remainder when 42 is divided by 14?
0
Calculate the remainder when 203 is divided by 40.
3
Calculate the remainder when 86 is divided by 16.
6
Calculate the remainder when 451 is divided by 8.
3
What is the remainder when 128 is divided by 119?
9
What is the remainder when 655 is divided by 60?
55
What is the remainder when 1590 is divided by 388?
38
What is the remainder when 228 is divided by 47?
40
Calculate the remainder when 874 is divided by 35.
34
What is the remainder when 577 is divided by 187?
16
What is the remainder when 1956 is divided by 81?
12
What is the remainder when 117 is divided by 22?
7
Calculate the remainder when 781 is divided by 96.
13
Calculate the remainder when 184 is divided by 11.
8
Calculate the remainder when 683 is divided by 38.
37
What is the remainder when 1377 is divided by 24?
9
Calculate the remainder when 1958 is divided by 641.
35
Calculate the remainder when 115 is divided by 68.
47
What is the remainder when 304 is divided by 37?
8
What is the remainder when 212 is divided by 197?
15
Calculate the remainder when 46780 is divided by 43.
39
What is the remainder when 2161 is divided by 126?
19
Calculate the remainder when 979 is divided by 28.
27
Calculate the remainder when 415 is divided by 165.
85
Calculate the remainder when 22 is divided by 17.
5
Calculate the remainder when 1458 is divided by 19.
14
What is the remainder when 1147 is divided by 90?
67
What is the remainder when 301 is divided by 75?
1
What is the remainder when 3373 is divided by 4?
1
What is the remainder when 177 is divided by 121?
56
What is the remainder when 18 is divided by 7?
4
Calculate the remainder when 1351 is divided by 31.
18
Calculate the remainder when 2076 is divided by 11.
8
Calculate the remainder when 447 is divided by 14.
13
Calculate the remainder when 54 is divided by 19.
16
Calculate the remainder when 1069 is divided by 215.
209
What is the remainder when 140 is divided by 12?
8
What is the remainder when 395 is divided by 16?
11
Calculate the remainder when 41 is divided by 19.
3
What is the remainder when 44 is divided by 12?
8
Calculate the remainder when 10536 is divided by 15.
6
Calculate the remainder when 1051 is divided by 26.
11
Calculate the remainder when 437 is divided by 4.
1
What is the remainder when 173 is divided by 78?
17
What is the remainder when 159 is divided by 26?
3
Calculate the remainder when 328 is divided by 48.
40
What is the remainder when 162 is divided by 21?
15
Calculate the remainder when 217 is divided by 65.
22
Calculate the remainder when 85 is divided by 53.
32
Calculate the remainder when 576 is divided by 260.
56
What is the remainder when 249 is divided by 63?
60
What is the remainder when 6859 is divided by 94?
91
Calculate the remainder when 1758 is divided by 22.
20
What is the remainder when 51 is divided by 4?
3
Calculate the remainder when 71 is divided by 9.
8
What is the remainder when 23 is divided by 7?
2
Calculate the remainder when 535 is divided by 49.
45
Calculate the remainder when 177 is divided by 10.
7
What is the remainder when 1425 is divided by 129?
6
Calculate the remainder when 1021 is divided by 25.
21
Calculate the remainder when 178 is divided by 8.
2
What is the remainder when 583 is divided by 68?
39
Calculate the remainder when 1092 is divided by 60.
12
What is the remainder when 10998 is divided by 88?
86
What is the remainder when 312 is divided by 57?
27
What is the remainder when 65 is divided by 54?
11
Calculate the remainder when 1090 is divided by 352.
34
What is the remainder when 345 is divided by 112?
9
Calculate the remainder when 157 is divided by 6.
1
Calculate the remainder when 2764 is divided by 38.
28
Calculate the remainder when 101 is divided by 48.
5
What is the remainder when 199 is divided by 37?
14
What is the remainder when 1024 is divided by 148?
136
Calculate the remainder when 271 is divided by 48.
31
Calculate the remainder when 4019 is divided by 10.
9
Calculate the remainder when 3784 is divided by 237.
229
What is the remainder when 1444 is divided by 129?
25
Calculate the remainder when 43 is divided by 26.
17
Calculate the remainder when 223 is divided by 32.
31
What is the remainder when 187 is divided by 76?
35
What is the remainder when 1989 is divided by 195?
39
What is the remainder when 531 is divided by 89?
86
Calculate the remainder when 504 is divided by 34.
28
What is the remainder when 1062 is divided by 47?
28
Calculate the remainder when 453 is divided by 46.
39
What is the remainder when 1205 is divided by 93?
89
What is the remainder when 2563 is divided by 112?
99
Calculate the remainder when 59 is divided by 15.
14
What is the remainder when 760 is divided by 371?
18
What is the remainder when 219 is divided by 46?
35
What is the remainder when 546 is divided by 113?
94
What is the remainder when 11708 is divided by 16?
12
What is the remainder when 277 is divided by 89?
10
What is the remainder when 31 is divided by 15?
1
Calculate the remainder when 130 is divided by 7.
4
What is the remainder when 329 is divided by 83?
80
Calculate the remainder when 772 is divided by 21.
16
What is the remainder when 1239 is divided by 46?
43
What is the remainder when 345 is divided by 23?
0
Calculate the remainder when 5386 is divided by 10.
6
Calculate the remainder when 45 is divided by 3.
0
Calculate the remainder when 183 is divided by 5.
3
What is the remainder when 215 is divided by 8?
7
Calculate the remainder when 11007 is divided by 30.
27
Calculate the remainder when 233 is divided by 6.
5
Calculate the remainder when 439 is divided by 17.
14
Calculate the remainder when 1779 is divided by 39.
24
Calculate the remainder when 91 is divided by 47.
44
Calculate the remainder when 757 is divided by 207.
136
Calculate the remainder when 7949 is divided by 106.
105
Calculate the remainder when 186 is divided by 47.
45
What is the remainder when 96 is divided by 27?
15
Calculate the remainder when 9 is divided by 2.
1
Calculate the remainder when 5 is divided by 3.
2
Calculate the remainder when 492 is divided by 100.
92
What is the remainder when 1068 is divided by 109?
87
Calculate the remainder when 116 is divided by 64.
52
What is the remainder when 979 is divided by 7?
6
What is the remainder when 458 is divided by 11?
7
What is the remainder when 7329 is divided by 3661?
7
Calculate the remainder when 81 is divided by 13.
3
Calculate the remainder when 250 is divided by 18.
16
Calculate the remainder when 219 is divided by 22.
21
Calculate the remainder when 75 is divided by 63.
12
Calculate the remainder when 223 is divided by 28.
27
Calcul